{"id":1933,"date":"2025-10-11T23:55:08","date_gmt":"2025-10-11T21:55:08","guid":{"rendered":"https:\/\/andiamocraig.com\/?page_id=1933"},"modified":"2025-10-12T00:07:45","modified_gmt":"2025-10-11T22:07:45","slug":"viaggi-travels","status":"publish","type":"page","link":"https:\/\/andiamocraig.com\/index.php\/viaggi-travels\/","title":{"rendered":"Viaggi \/ Travels"},"content":{"rendered":"\t\t<div data-elementor-type=\"wp-page\" data-elementor-id=\"1933\" class=\"elementor elementor-1933\">\n\t\t\t\t<div class=\"elementor-element elementor-element-69cfd96 e-flex e-con-boxed e-con e-parent\" data-id=\"69cfd96\" data-element_type=\"container\">\n\t\t\t\t\t<div class=\"e-con-inner\">\n\t\t\t\t<div class=\"elementor-element elementor-element-7f7aa0d elementor-widget elementor-widget-penci-image-gallery\" data-id=\"7f7aa0d\" data-element_type=\"widget\" data-widget_type=\"penci-image-gallery.default\">\n\t\t\t\t<div class=\"elementor-widget-container\">\n\t\t\t\t\t        <div data-sliderid=\"1329\" id=\"penci-image_gallery_1329\"\n             class=\"penci-block-vc penci-image-gallery penci-image-gallery-s1 pencisc-grid-3 pencisc-grid-tablet-2 pencisc-grid-mobile-1\">\n\t\t\t    <div class=\"penci-border-arrow penci-homepage-title penci-home-latest-posts style-3 pcalign-left pciconp-right pcicon-right block-title-icon-left\">\n        <h3 class=\"inner-arrow\">\n        <span>\n                    <span>A few highlights<\/a>                <\/span>\n        <\/h3>\n\t\t        <\/div>\n\t\t            <div class=\"penci-block_content  pencisc-grid\">\n\t\t\t\t                <div class=\"penci-gallery-item penci-galitem-1\">\n                    <a  data-bgset=\"https:\/\/andiamocraig.com\/wp-content\/uploads\/2025\/10\/IMG_7327-768x432.jpeg\" class=\"penci-lazy penci-gallery-ite penci-image-holder\"\n                       href=\"https:\/\/andiamocraig.com\/wp-content\/uploads\/2025\/10\/IMG_7327-1170x658.jpeg\"  data-cap=\"Tortol\u00ec\">\n\t\t\t\t\t\t<span class=\"caption\">Tortol\u00ec<\/span>                                                <i class=\"penciicon-expand\"><\/i>\n                    <\/a>\n                <\/div>\n\t\t\t\t                <div class=\"penci-gallery-item penci-galitem-2\">\n                    <a  data-bgset=\"https:\/\/andiamocraig.com\/wp-content\/uploads\/2025\/10\/IMG_7343-768x432.jpeg\" class=\"penci-lazy penci-gallery-ite penci-image-holder\"\n                       href=\"https:\/\/andiamocraig.com\/wp-content\/uploads\/2025\/10\/IMG_7343-1170x658.jpeg\"  data-cap=\"Tortol\u00ec\">\n\t\t\t\t\t\t<span class=\"caption\">Tortol\u00ec<\/span>                                                <i class=\"penciicon-expand\"><\/i>\n                    <\/a>\n                <\/div>\n\t\t\t\t                <div class=\"penci-gallery-item penci-galitem-3\">\n                    <a  data-bgset=\"https:\/\/andiamocraig.com\/wp-content\/uploads\/2025\/10\/IMG_7344-768x1365.jpeg\" class=\"penci-lazy penci-gallery-ite penci-image-holder\"\n                       href=\"https:\/\/andiamocraig.com\/wp-content\/uploads\/2025\/10\/IMG_7344-1170x2080.jpeg\"  data-cap=\"Tortol\u00ec\">\n\t\t\t\t\t\t<span class=\"caption\">Tortol\u00ec<\/span>                                                <i class=\"penciicon-expand\"><\/i>\n                    <\/a>\n                <\/div>\n\t\t\t\t                <div class=\"penci-gallery-item penci-galitem-4\">\n                    <a  data-bgset=\"https:\/\/andiamocraig.com\/wp-content\/uploads\/2025\/10\/IMG_7369-768x432.jpeg\" class=\"penci-lazy penci-gallery-ite penci-image-holder\"\n                       href=\"https:\/\/andiamocraig.com\/wp-content\/uploads\/2025\/10\/IMG_7369-1170x658.jpeg\"  data-cap=\"Tortol\u00ec\">\n\t\t\t\t\t\t<span class=\"caption\">Tortol\u00ec<\/span>                                                <i class=\"penciicon-expand\"><\/i>\n                    <\/a>\n                <\/div>\n\t\t\t\t                <div class=\"penci-gallery-item penci-galitem-5\">\n                    <a  data-bgset=\"https:\/\/andiamocraig.com\/wp-content\/uploads\/2025\/10\/IMG_7377-768x432.jpeg\" class=\"penci-lazy penci-gallery-ite penci-image-holder\"\n                       href=\"https:\/\/andiamocraig.com\/wp-content\/uploads\/2025\/10\/IMG_7377-1170x658.jpeg\"  data-cap=\"Tortol\u00ec\">\n\t\t\t\t\t\t<span class=\"caption\">Tortol\u00ec<\/span>                                                <i class=\"penciicon-expand\"><\/i>\n                    <\/a>\n                <\/div>\n\t\t\t\t                <div class=\"penci-gallery-item penci-galitem-6\">\n                    <a  data-bgset=\"https:\/\/andiamocraig.com\/wp-content\/uploads\/2025\/10\/IMG_7873-768x1365.jpeg\" class=\"penci-lazy penci-gallery-ite penci-image-holder\"\n                       href=\"https:\/\/andiamocraig.com\/wp-content\/uploads\/2025\/10\/IMG_7873-1170x2080.jpeg\" >\n\t\t\t\t\t\t                                                <i class=\"penciicon-expand\"><\/i>\n                    <\/a>\n                <\/div>\n\t\t\t\t                <div class=\"penci-gallery-item penci-galitem-7\">\n                    <a  data-bgset=\"https:\/\/andiamocraig.com\/wp-content\/uploads\/2025\/10\/IMG_7999-768x1365.jpeg\" class=\"penci-lazy penci-gallery-ite penci-image-holder\"\n                       href=\"https:\/\/andiamocraig.com\/wp-content\/uploads\/2025\/10\/IMG_7999-1170x2080.jpeg\"  data-cap=\"Sardegna in Miniatura\">\n\t\t\t\t\t\t<span class=\"caption\">Sardegna in Miniatura<\/span>                                                <i class=\"penciicon-expand\"><\/i>\n                    <\/a>\n                <\/div>\n\t\t\t\t                <div class=\"penci-gallery-item penci-galitem-8\">\n                    <a  data-bgset=\"https:\/\/andiamocraig.com\/wp-content\/uploads\/2025\/10\/IMG_7952-768x432.jpeg\" class=\"penci-lazy penci-gallery-ite penci-image-holder\"\n                       href=\"https:\/\/andiamocraig.com\/wp-content\/uploads\/2025\/10\/IMG_7952-1170x658.jpeg\"  data-cap=\"Sardegna in Miniatura\">\n\t\t\t\t\t\t<span class=\"caption\">Sardegna in Miniatura<\/span>                                                <i class=\"penciicon-expand\"><\/i>\n                    <\/a>\n                <\/div>\n\t\t\t\t                <div class=\"penci-gallery-item penci-galitem-9\">\n                    <a  data-bgset=\"https:\/\/andiamocraig.com\/wp-content\/uploads\/2025\/10\/IMG_8019-768x1365.jpeg\" class=\"penci-lazy penci-gallery-ite penci-image-holder\"\n                       href=\"https:\/\/andiamocraig.com\/wp-content\/uploads\/2025\/10\/IMG_8019-1170x2080.jpeg\"  data-cap=\"Sardegna in Miniatura\">\n\t\t\t\t\t\t<span class=\"caption\">Sardegna in Miniatura<\/span>                                                <i class=\"penciicon-expand\"><\/i>\n                    <\/a>\n                <\/div>\n\t\t\t\t                <div class=\"penci-gallery-item penci-galitem-10\">\n                    <a  data-bgset=\"https:\/\/andiamocraig.com\/wp-content\/uploads\/2025\/10\/IMG_7883-768x1365.jpeg\" class=\"penci-lazy penci-gallery-ite penci-image-holder\"\n                       href=\"https:\/\/andiamocraig.com\/wp-content\/uploads\/2025\/10\/IMG_7883-1170x2080.jpeg\"  data-cap=\"Sardegna in Miniatura\">\n\t\t\t\t\t\t<span class=\"caption\">Sardegna in Miniatura<\/span>                                                <i class=\"penciicon-expand\"><\/i>\n                    <\/a>\n                <\/div>\n\t\t\t\t            <\/div>\n        <\/div>\n\t\t\t\t\t\t<\/div>\n\t\t\t\t<\/div>\n\t\t\t\t\t<\/div>\n\t\t\t\t<\/div>\n\t\t\t\t<\/div>\n\t\t","protected":false},"excerpt":{"rendered":"<p>A few highlights Tortol\u00ec Tortol\u00ec Tortol\u00ec Tortol\u00ec Tortol\u00ec Sardegna in Miniatura Sardegna in Miniatura Sardegna in Miniatura Sardegna in Miniatura<\/p>\n","protected":false},"author":1,"featured_media":1955,"parent":0,"menu_order":0,"comment_status":"closed","ping_status":"closed","template":"","meta":{"content-type":"","_lmt_disableupdate":"","_lmt_disable":"","footnotes":""},"class_list":["post-1933","page","type-page","status-publish","has-post-thumbnail","hentry"],"_links":{"self":[{"href":"https:\/\/andiamocraig.com\/index.php\/wp-json\/wp\/v2\/pages\/1933","targetHints":{"allow":["GET"]}}],"collection":[{"href":"https:\/\/andiamocraig.com\/index.php\/wp-json\/wp\/v2\/pages"}],"about":[{"href":"https:\/\/andiamocraig.com\/index.php\/wp-json\/wp\/v2\/types\/page"}],"author":[{"embeddable":true,"href":"https:\/\/andiamocraig.com\/index.php\/wp-json\/wp\/v2\/users\/1"}],"replies":[{"embeddable":true,"href":"https:\/\/andiamocraig.com\/index.php\/wp-json\/wp\/v2\/comments?post=1933"}],"version-history":[{"count":7,"href":"https:\/\/andiamocraig.com\/index.php\/wp-json\/wp\/v2\/pages\/1933\/revisions"}],"predecessor-version":[{"id":1973,"href":"https:\/\/andiamocraig.com\/index.php\/wp-json\/wp\/v2\/pages\/1933\/revisions\/1973"}],"wp:featuredmedia":[{"embeddable":true,"href":"https:\/\/andiamocraig.com\/index.php\/wp-json\/wp\/v2\/media\/1955"}],"wp:attachment":[{"href":"https:\/\/andiamocraig.com\/index.php\/wp-json\/wp\/v2\/media?parent=1933"}],"curies":[{"name":"wp","href":"https:\/\/api.w.org\/{rel}","templated":true}]}}